{"id":118,"date":"2024-08-14T08:11:54","date_gmt":"2024-08-14T06:11:54","guid":{"rendered":"https:\/\/leandrawildhaber.wordpress.com\/?page_id=118"},"modified":"2026-02-19T08:58:08","modified_gmt":"2026-02-19T08:58:08","slug":"laden","status":"publish","type":"page","link":"https:\/\/claro-winterthur.ch\/?page_id=118","title":{"rendered":"\u00dcber uns"},"content":{"rendered":"\n<div class=\"wp-block-columns is-layout-flex wp-container-core-columns-is-layout-28f84493 wp-block-columns-is-layout-flex\">\n<div class=\"wp-block-column is-layout-flow wp-block-column-is-layout-flow\">\n<p>Der claro Weltladen Winterthur besteht aus einem dreik\u00f6pfigen Ladenteam und lebt von der Unterst\u00fctzung von vielen freiwilligen Helfer:innen. Getragen wird der Laden durch den Verein und dessen Vorstand. Die Vereinsmitglieder erm\u00f6glichen mit ihrem Jahresbeitrag, dass der Laden in einem unternehmerisch gesunden Rahmen wirtschaften kann. Zusammen stehen wir f\u00fcr fairen Handel ein.&nbsp;<\/p>\n\n\n\n<h2 class=\"wp-block-heading\">Unsere Geschichte<\/h2>\n\n\n\n<p>Der claro Weltladen Winterthur blickt auf eine lange Geschichte zur\u00fcck. Alles begann Ende der 70er Jahre, als am 19. M\u00e4rz 1979 unser Verein gegr\u00fcndet wurde. Er entstand aus dem Wunsch, sich f\u00fcr Umweltanliegen und den Marktzugang f\u00fcr fair produzierte Waren aus dem Welts\u00fcden einzusetzen. Damals hiess unser Verein &#8222;Mitenand 1. Welt \/ 3. Welt&#8220; und er\u00f6ffnete im Mai 1979 den ersten claro Weltladen in Winterthur an der Neustadtgasse 9. Der Verein betrieb zus\u00e4tzlich einem Marktwagen auf der Steinberggasse, im Rathausdurchgang und auf dem Christkindl-Markt. Der Laden wuchs und zog 1992 an die Steinberggasse 18. Diese neue Gesch\u00e4ftsadresse war ein gl\u00fccklicher Volltreffer. Der Tr\u00e4gerverein &#8222;Haus der Solidarit\u00e4t&#8220; bat 1990 um R\u00e4umlichkeiten, und der Stadtrat stellte daraufhin das Jonas-Furrer-Haus zur Verf\u00fcgung. Heute ist dieses Geb\u00e4ude als Nord-S\u00fcd-Haus bekannt.<\/p>\n<\/div>\n\n\n\n<div class=\"wp-block-column is-layout-flow wp-block-column-is-layout-flow\">\n<figure class=\"wp-block-image size-large\"><img loading=\"lazy\" decoding=\"async\" width=\"1280\" height=\"1024\" src=\"https:\/\/claro-winterthur.ch\/wp-content\/uploads\/2024\/08\/gruppenfoto_fertig.jpg?w=1024\" alt=\"\" class=\"wp-image-104\" srcset=\"https:\/\/claro-winterthur.ch\/wp-content\/uploads\/2024\/08\/gruppenfoto_fertig.jpg 1280w, https:\/\/claro-winterthur.ch\/wp-content\/uploads\/2024\/08\/gruppenfoto_fertig-300x240.jpg 300w, https:\/\/claro-winterthur.ch\/wp-content\/uploads\/2024\/08\/gruppenfoto_fertig-1024x819.jpg 1024w, https:\/\/claro-winterthur.ch\/wp-content\/uploads\/2024\/08\/gruppenfoto_fertig-768x614.jpg 768w\" sizes=\"auto, (max-width: 1280px) 100vw, 1280px\" \/><\/figure>\n<\/div>\n<\/div>\n\n\n\n<p>Der Laden trug zur st\u00e4dtischen Entwicklung bei und beherbergte eine beliebte Ludothek und eine Aluminium-Sammelstelle, die 1982 beeindruckende 3,3 Tonnen sammelte. Diese Aufgabe wurde schliesslich von der Stadtverwaltung und der Firma <a href=\"https:\/\/www.maag-recycling.ch\/\">Maag<\/a> \u00fcbernommen. Im Laufe der Jahre \u00e4nderte der Verein seinen Namen von &#8222;Mitenand 1. Welt \/ 3. Welt&#8220; (1979) zu &#8222;Mitenand&#8220; (1992) zu &#8222;Mitenand-Verein claro Weltladen&#8220; (1998) und schliesslich zu &#8222;Verein claro Weltladen&#8220; (2008). Doch seinem Zweck, fair gehandelte Produkte aus dem globalen S\u00fcden und der Region zu verkaufen und \u00fcber diese zu informieren, blieb der Verein stets treu.<\/p>\n\n\n\n<div class=\"wp-block-cover alignfull is-light\" style=\"min-height:362px;aspect-ratio:unset;\"><span aria-hidden=\"true\" class=\"wp-block-cover__background has-background-dim-100 has-background-dim\" style=\"background-color:#ffffff\"><\/span><div class=\"wp-block-cover__inner-container is-layout-flow wp-block-cover-is-layout-flow\">\n<h2 class=\"wp-block-heading has-text-align-center has-large-font-size\">Unser Wirken<\/h2>\n\n\n\n<div style=\"height:30px\" aria-hidden=\"true\" class=\"wp-block-spacer\"><\/div>\n\n\n\n<div class=\"wp-block-columns alignwide is-layout-flex wp-container-core-columns-is-layout-549b0c86 wp-block-columns-is-layout-flex\">\n<div class=\"wp-block-column is-layout-flow wp-block-column-is-layout-flow\" style=\"border-right-color:var(--wp--preset--color--theme-2);border-right-width:1px;padding-right:var(--wp--preset--spacing--30)\">\n<h3 class=\"wp-block-heading has-text-align-center is-service-name\">Fair handeln f\u00fcr Mensch und Umwelt<\/h3>\n\n\n\n<p class=\"has-text-align-center is-service-description\">Wir stehen f\u00fcr eine auf lange Sicht \u00f6kologisch sinnvolle Produktion ein.<\/p>\n<\/div>\n\n\n\n<div class=\"wp-block-column is-layout-flow wp-block-column-is-layout-flow\" style=\"border-right-color:var(--wp--preset--color--theme-2);border-right-width:1px;padding-right:var(--wp--preset--spacing--30)\">\n<h3 class=\"wp-block-heading has-text-align-center is-service-name\">Dort hinschauen, wo andere wegschauen<\/h3>\n\n\n\n<p class=\"has-text-align-center is-service-description\">Wir bieten unseren Kund:innen vollst\u00e4ndige Transparenz bez\u00fcglich Herstellung, Zusammensetzung und Vertrieb aller Produkte.<\/p>\n<\/div>\n\n\n\n<div class=\"wp-block-column is-layout-flow wp-block-column-is-layout-flow\" style=\"padding-right:var(--wp--preset--spacing--30)\">\n<h3 class=\"wp-block-heading has-text-align-center is-service-name\">Dort einsetzen, wo andere aussetzen<\/h3>\n\n\n\n<p class=\"has-text-align-center is-service-description\">Wir stehen f\u00fcr eine wirtschaftliche Besserstellung und f\u00fcr mehr Selbstbestimmung unserer Partner:innen in der ganzen Welt ein.<\/p>\n<\/div>\n<\/div>\n<\/div><\/div>\n\n\n\n<figure class=\"wp-block-pullquote\"><blockquote><p>Zweck des Vereins ist der faire Handel mit m\u00f6glichst \u00f6kologischen Produkten aus aller Welt und die Information \u00fcber entwicklungspolitische Zusammenh\u00e4nge.<\/p><cite>Statuten Claro Weltladen Winterthur<\/cite><\/blockquote><\/figure>\n\n\n\n<div class=\"wp-block-buttons is-layout-flex wp-block-buttons-is-layout-flex\">\n<div class=\"wp-block-button\"><a class=\"wp-block-button__link wp-element-button\" href=\"https:\/\/claro-winterthur.ch\/wp-content\/uploads\/2025\/01\/2021-06-22-Statuten.pdf\">Statuten herunterladen<\/a><\/div>\n<\/div>\n\n\n\n<div class=\"wp-block-cover alignfull is-light\" style=\"min-height:337px;aspect-ratio:unset;\"><span aria-hidden=\"true\" class=\"wp-block-cover__background has-background-dim-100 has-background-dim\" style=\"background-color:#ffffff\"><\/span><div class=\"wp-block-cover__inner-container is-layout-flow wp-block-cover-is-layout-flow\">\n<h2 class=\"wp-block-heading has-text-align-center has-large-font-size\">Mach bei uns mit<\/h2>\n\n\n\n<p class=\"has-text-align-center wp-container-content-663c14dd\">Wir sind auf deine Unterst\u00fctzung angewiesen. Unser Verein lebt von freiwilligen Helfer:innen und der finanziellen Unterst\u00fctzung unser Mitglieder. Ohne die Energie und den Elan von jeder helfenden Hand w\u00e4ren wir heute nicht da, wo wir jetzt sind. M\u00f6chtest du selbst anpacken und die Welt zu einem fairen Ort machen? Dann mach bei uns mit und werde Mitglied in unserem Verein oder engagiere dich bei uns im Vorstand.<\/p>\n\n\n\n<p class=\"has-text-align-center\">Du kannst unser Einsatz f\u00fcr den fairen Handel mit deinem Mitgliederbeitrag f\u00f6rdern (Einzelmitglieder 40.- CHF pro Jahr; Kollektivmitglieder 100.- CHF pro Jahr). Vielen Dank f\u00fcr deinen Beitrag.<\/p>\n\n\n\n<div class=\"wp-block-columns is-layout-flex wp-container-core-columns-is-layout-28f84493 wp-block-columns-is-layout-flex\">\n<div class=\"wp-block-column is-layout-flow wp-block-column-is-layout-flow\">\n<p class=\"has-text-align-center wp-container-content-663c14dd\"><\/p>\n<\/div>\n\n\n\n<div class=\"wp-block-column is-layout-flow wp-block-column-is-layout-flow\">\n<div class=\"wpcf7 no-js\" id=\"wpcf7-f417-o1\" lang=\"de-DE\" dir=\"ltr\" data-wpcf7-id=\"417\">\n<div class=\"screen-reader-response\"><p role=\"status\" aria-live=\"polite\" aria-atomic=\"true\"><\/p> <ul><\/ul><\/div>\n<form action=\"\/index.php?rest_route=%2Fwp%2Fv2%2Fpages%2F118#wpcf7-f417-o1\" method=\"post\" class=\"wpcf7-form init\" aria-label=\"Kontaktformular\" novalidate=\"novalidate\" data-status=\"init\">\n<fieldset class=\"hidden-fields-container\"><input type=\"hidden\" name=\"_wpcf7\" value=\"417\" \/><input type=\"hidden\" name=\"_wpcf7_version\" value=\"6.1.5\" \/><input type=\"hidden\" name=\"_wpcf7_locale\" value=\"de_DE\" \/><input type=\"hidden\" name=\"_wpcf7_unit_tag\" value=\"wpcf7-f417-o1\" \/><input type=\"hidden\" name=\"_wpcf7_container_post\" value=\"0\" \/><input type=\"hidden\" name=\"_wpcf7_posted_data_hash\" value=\"\" \/>\n<\/fieldset>\n<p><label> Name Vorname<br \/>\n<span class=\"wpcf7-form-control-wrap\" data-name=\"Name\"><input size=\"40\" maxlength=\"400\" class=\"wpcf7-form-control wpcf7-text wpcf7-validates-as-required\" autocomplete=\"name\" aria-required=\"true\" aria-invalid=\"false\" value=\"\" type=\"text\" name=\"Name\" \/><\/span> <\/label><br \/>\n<label> Deine E-Mail-Adresse<br \/>\n<span class=\"wpcf7-form-control-wrap\" data-name=\"your-email\"><input size=\"40\" maxlength=\"400\" class=\"wpcf7-form-control wpcf7-email wpcf7-validates-as-required wpcf7-text wpcf7-validates-as-email\" autocomplete=\"email\" aria-required=\"true\" aria-invalid=\"false\" value=\"\" type=\"email\" name=\"your-email\" \/><\/span> <\/label>\n<\/p>\n<p><span class=\"wpcf7-form-control-wrap\" data-name=\"checkbox-246\"><span class=\"wpcf7-form-control wpcf7-checkbox wpcf7-validates-as-required\"><span class=\"wpcf7-list-item first last\"><label><input type=\"checkbox\" name=\"checkbox-246[]\" value=\"Ich m\u00f6chte Mitglied werden.\" \/><span class=\"wpcf7-list-item-label\">Ich m\u00f6chte Mitglied werden.<\/span><\/label><\/span><\/span><\/span>\n<\/p>\n<p><input class=\"wpcf7-form-control wpcf7-submit has-spinner\" type=\"submit\" value=\"Senden\" \/>\n<\/p><div class=\"wpcf7-response-output\" aria-hidden=\"true\"><\/div>\n<\/form>\n<\/div>\n\n<\/div>\n\n\n\n<div class=\"wp-block-column is-layout-flow wp-block-column-is-layout-flow\"><\/div>\n<\/div>\n\n\n\n<div class=\"wp-block-buttons is-content-justification-center is-layout-flex wp-container-core-buttons-is-layout-a89b3969 wp-block-buttons-is-layout-flex\"><\/div>\n<\/div><\/div>\n\n\n\n<h2 class=\"wp-block-heading\">Unsere Partner<\/h2>\n\n\n\n<div class=\"wp-block-columns is-layout-flex wp-container-core-columns-is-layout-28f84493 wp-block-columns-is-layout-flex\">\n<div class=\"wp-block-column is-layout-flow wp-block-column-is-layout-flow\">\n<figure class=\"wp-block-image size-full\"><img loading=\"lazy\" decoding=\"async\" width=\"672\" height=\"672\" src=\"https:\/\/claro-winterthur.ch\/wp-content\/uploads\/2024\/08\/unsere-produzenten-e1735986257425.png\" alt=\"\" class=\"wp-image-141\" style=\"aspect-ratio:4\/3;object-fit:cover\" srcset=\"https:\/\/claro-winterthur.ch\/wp-content\/uploads\/2024\/08\/unsere-produzenten-e1735986257425.png 672w, https:\/\/claro-winterthur.ch\/wp-content\/uploads\/2024\/08\/unsere-produzenten-e1735986257425-300x300.png 300w, https:\/\/claro-winterthur.ch\/wp-content\/uploads\/2024\/08\/unsere-produzenten-e1735986257425-150x150.png 150w\" sizes=\"auto, (max-width: 672px) 100vw, 672px\" \/><\/figure>\n\n\n\n<h3 class=\"wp-block-heading\">Claro fair trade AG<\/h3>\n\n\n\n<p><a href=\"https:\/\/www.claro.ch\/de\/\" target=\"_blank\" rel=\"noreferrer noopener\">Claro fair trade AG<\/a>&nbsp;betreibt mit viel Herz seit 1977 fairen Handel mit Kleinproduzent:innen im S\u00fcden und engagiert sich f\u00fcr eine bessere Welt. Dabei legt claro Wert auf hohe Qualit\u00e4t sowie langfristige Beziehungen und Vertrauen zu den Handelspartner:innen. So werden bessere Lebensbedingungen f\u00fcr die Produzent:innen erreicht.<\/p>\n\n\n\n<p>Unsere Produkte beziehen wir bei unserem Hauptlieferanten Claro fair trade AG und anderen fairen Organisationen. Die Produkte werden ohne Zwischenhandel direkt bei den Erzeugern eingekauft.<\/p>\n<\/div>\n\n\n\n<div class=\"wp-block-column is-layout-flow wp-block-column-is-layout-flow\">\n<figure class=\"wp-block-image size-full\"><img loading=\"lazy\" decoding=\"async\" width=\"912\" height=\"859\" src=\"https:\/\/claro-winterthur.ch\/wp-content\/uploads\/2025\/01\/Logo-Solinos.png\" alt=\"\" class=\"wp-image-374\" style=\"aspect-ratio:4\/3;object-fit:cover\" srcset=\"https:\/\/claro-winterthur.ch\/wp-content\/uploads\/2025\/01\/Logo-Solinos.png 912w, https:\/\/claro-winterthur.ch\/wp-content\/uploads\/2025\/01\/Logo-Solinos-300x283.png 300w, https:\/\/claro-winterthur.ch\/wp-content\/uploads\/2025\/01\/Logo-Solinos-768x723.png 768w\" sizes=\"auto, (max-width: 912px) 100vw, 912px\" \/><\/figure>\n\n\n\n<h3 class=\"wp-block-heading\">Nord-S\u00fcd-Haus Winterthur<\/h3>\n\n\n\n<p>Der <a href=\"https:\/\/solinos.ch\/de\">Verein Nord-S\u00fcd-Haus<\/a> f\u00f6rdert entwicklungspolitische und kulturelle Anliegen. Er bietet Raum und R\u00e4umlichkeiten f\u00fcr Organisationen, Gruppen und Einzelpersonen, die sich mit der Nord-S\u00fcd-Problematik auseinandersetzen. Er organisiert unter anderem Informationsveranstaltungen und kulturelle Anl\u00e4sse, die eine differenzierte Sichtweise der Nord-S\u00fcd-Thematik aufzeigen. Der Claro Weltladen Winterthur und der Verein Nord-S\u00fcd-Haus sind beide im Jonas-Furrer-Haus in Winterthur untergebracht und f\u00f6rdern beide nachhaltige Entwicklung und faire Handelspraktiken.<\/p>\n<\/div>\n<\/div>\n","protected":false},"excerpt":{"rendered":"<p>Der claro Weltladen Winterthur besteht aus einem dreik\u00f6pfigen Ladenteam und lebt von der Unterst\u00fctzung von vielen freiwilligen Helfer:innen. Getragen wird der Laden durch den Verein und dessen Vorstand. Die Vereinsmitglieder erm\u00f6glichen mit ihrem Jahresbeitrag, dass der Laden in einem unternehmerisch gesunden Rahmen wirtschaften kann. Zusammen stehen wir f\u00fcr fairen Handel ein.&nbsp; Unsere Geschichte Der claro [&hellip;]<\/p>\n","protected":false},"author":1,"featured_media":0,"parent":0,"menu_order":0,"comment_status":"closed","ping_status":"closed","template":"","meta":{"footnotes":""},"class_list":["post-118","page","type-page","status-publish","hentry"],"blocksy_meta":[],"yoast_head":"<!-- This site is optimized with the Yoast SEO plugin v27.0 - https:\/\/yoast.com\/product\/yoast-seo-wordpress\/ -->\n<title>\u00dcber uns - Claro Weltladen Winterthur<\/title>\n<meta name=\"robots\" content=\"index, follow, max-snippet:-1, max-image-preview:large, max-video-preview:-1\" \/>\n<link rel=\"canonical\" href=\"https:\/\/claro-winterthur.ch\/?page_id=118\" \/>\n<meta property=\"og:locale\" content=\"de_DE\" \/>\n<meta property=\"og:type\" content=\"article\" \/>\n<meta property=\"og:title\" content=\"\u00dcber uns - Claro Weltladen Winterthur\" \/>\n<meta property=\"og:description\" content=\"Der claro Weltladen Winterthur besteht aus einem dreik\u00f6pfigen Ladenteam und lebt von der Unterst\u00fctzung von vielen freiwilligen Helfer:innen. Getragen wird der Laden durch den Verein und dessen Vorstand. Die Vereinsmitglieder erm\u00f6glichen mit ihrem Jahresbeitrag, dass der Laden in einem unternehmerisch gesunden Rahmen wirtschaften kann. Zusammen stehen wir f\u00fcr fairen Handel ein.&nbsp; Unsere Geschichte Der claro [&hellip;]\" \/>\n<meta property=\"og:url\" content=\"https:\/\/claro-winterthur.ch\/?page_id=118\" \/>\n<meta property=\"og:site_name\" content=\"Claro Weltladen Winterthur\" \/>\n<meta property=\"article:modified_time\" content=\"2026-02-19T08:58:08+00:00\" \/>\n<meta property=\"og:image\" content=\"https:\/\/claro-winterthur.ch\/wp-content\/uploads\/2024\/08\/gruppenfoto_fertig.jpg\" \/>\n\t<meta property=\"og:image:width\" content=\"1280\" \/>\n\t<meta property=\"og:image:height\" content=\"1024\" \/>\n\t<meta property=\"og:image:type\" content=\"image\/jpeg\" \/>\n<meta name=\"twitter:card\" content=\"summary_large_image\" \/>\n<meta name=\"twitter:label1\" content=\"Gesch\u00e4tzte Lesezeit\" \/>\n\t<meta name=\"twitter:data1\" content=\"4\u00a0Minuten\" \/>\n<script type=\"application\/ld+json\" class=\"yoast-schema-graph\">{\"@context\":\"https:\/\/schema.org\",\"@graph\":[{\"@type\":\"WebPage\",\"@id\":\"https:\/\/claro-winterthur.ch\/?page_id=118\",\"url\":\"https:\/\/claro-winterthur.ch\/?page_id=118\",\"name\":\"\u00dcber uns - Claro Weltladen Winterthur\",\"isPartOf\":{\"@id\":\"https:\/\/claro-winterthur.ch\/#website\"},\"primaryImageOfPage\":{\"@id\":\"https:\/\/claro-winterthur.ch\/?page_id=118#primaryimage\"},\"image\":{\"@id\":\"https:\/\/claro-winterthur.ch\/?page_id=118#primaryimage\"},\"thumbnailUrl\":\"https:\/\/claro-winterthur.ch\/wp-content\/uploads\/2024\/08\/gruppenfoto_fertig.jpg?w=1024\",\"datePublished\":\"2024-08-14T06:11:54+00:00\",\"dateModified\":\"2026-02-19T08:58:08+00:00\",\"breadcrumb\":{\"@id\":\"https:\/\/claro-winterthur.ch\/?page_id=118#breadcrumb\"},\"inLanguage\":\"de\",\"potentialAction\":[{\"@type\":\"ReadAction\",\"target\":[\"https:\/\/claro-winterthur.ch\/?page_id=118\"]}]},{\"@type\":\"ImageObject\",\"inLanguage\":\"de\",\"@id\":\"https:\/\/claro-winterthur.ch\/?page_id=118#primaryimage\",\"url\":\"https:\/\/claro-winterthur.ch\/wp-content\/uploads\/2024\/08\/gruppenfoto_fertig.jpg\",\"contentUrl\":\"https:\/\/claro-winterthur.ch\/wp-content\/uploads\/2024\/08\/gruppenfoto_fertig.jpg\",\"width\":1280,\"height\":1024},{\"@type\":\"BreadcrumbList\",\"@id\":\"https:\/\/claro-winterthur.ch\/?page_id=118#breadcrumb\",\"itemListElement\":[{\"@type\":\"ListItem\",\"position\":1,\"name\":\"Startseite\",\"item\":\"https:\/\/claro-winterthur.ch\/\"},{\"@type\":\"ListItem\",\"position\":2,\"name\":\"\u00dcber uns\"}]},{\"@type\":\"WebSite\",\"@id\":\"https:\/\/claro-winterthur.ch\/#website\",\"url\":\"https:\/\/claro-winterthur.ch\/\",\"name\":\"Claro Weltladen Winterthur\",\"description\":\"Willkommen beim claro fair trade Winterthur. Das fair trade Gesch\u00e4ft in deiner N\u00e4he.\",\"publisher\":{\"@id\":\"https:\/\/claro-winterthur.ch\/#organization\"},\"potentialAction\":[{\"@type\":\"SearchAction\",\"target\":{\"@type\":\"EntryPoint\",\"urlTemplate\":\"https:\/\/claro-winterthur.ch\/?s={search_term_string}\"},\"query-input\":{\"@type\":\"PropertyValueSpecification\",\"valueRequired\":true,\"valueName\":\"search_term_string\"}}],\"inLanguage\":\"de\"},{\"@type\":\"Organization\",\"@id\":\"https:\/\/claro-winterthur.ch\/#organization\",\"name\":\"Claro Weltladen Winterthur\",\"url\":\"https:\/\/claro-winterthur.ch\/\",\"logo\":{\"@type\":\"ImageObject\",\"inLanguage\":\"de\",\"@id\":\"https:\/\/claro-winterthur.ch\/#\/schema\/logo\/image\/\",\"url\":\"https:\/\/claro-winterthur.ch\/wp-content\/uploads\/2024\/08\/logo_webseite_neu.png\",\"contentUrl\":\"https:\/\/claro-winterthur.ch\/wp-content\/uploads\/2024\/08\/logo_webseite_neu.png\",\"width\":172,\"height\":70,\"caption\":\"Claro Weltladen Winterthur\"},\"image\":{\"@id\":\"https:\/\/claro-winterthur.ch\/#\/schema\/logo\/image\/\"}}]}<\/script>\n<!-- \/ Yoast SEO plugin. -->","yoast_head_json":{"title":"\u00dcber uns - Claro Weltladen Winterthur","robots":{"index":"index","follow":"follow","max-snippet":"max-snippet:-1","max-image-preview":"max-image-preview:large","max-video-preview":"max-video-preview:-1"},"canonical":"https:\/\/claro-winterthur.ch\/?page_id=118","og_locale":"de_DE","og_type":"article","og_title":"\u00dcber uns - Claro Weltladen Winterthur","og_description":"Der claro Weltladen Winterthur besteht aus einem dreik\u00f6pfigen Ladenteam und lebt von der Unterst\u00fctzung von vielen freiwilligen Helfer:innen. Getragen wird der Laden durch den Verein und dessen Vorstand. Die Vereinsmitglieder erm\u00f6glichen mit ihrem Jahresbeitrag, dass der Laden in einem unternehmerisch gesunden Rahmen wirtschaften kann. Zusammen stehen wir f\u00fcr fairen Handel ein.&nbsp; Unsere Geschichte Der claro [&hellip;]","og_url":"https:\/\/claro-winterthur.ch\/?page_id=118","og_site_name":"Claro Weltladen Winterthur","article_modified_time":"2026-02-19T08:58:08+00:00","og_image":[{"width":1280,"height":1024,"url":"https:\/\/claro-winterthur.ch\/wp-content\/uploads\/2024\/08\/gruppenfoto_fertig.jpg","type":"image\/jpeg"}],"twitter_card":"summary_large_image","twitter_misc":{"Gesch\u00e4tzte Lesezeit":"4\u00a0Minuten"},"schema":{"@context":"https:\/\/schema.org","@graph":[{"@type":"WebPage","@id":"https:\/\/claro-winterthur.ch\/?page_id=118","url":"https:\/\/claro-winterthur.ch\/?page_id=118","name":"\u00dcber uns - Claro Weltladen Winterthur","isPartOf":{"@id":"https:\/\/claro-winterthur.ch\/#website"},"primaryImageOfPage":{"@id":"https:\/\/claro-winterthur.ch\/?page_id=118#primaryimage"},"image":{"@id":"https:\/\/claro-winterthur.ch\/?page_id=118#primaryimage"},"thumbnailUrl":"https:\/\/claro-winterthur.ch\/wp-content\/uploads\/2024\/08\/gruppenfoto_fertig.jpg?w=1024","datePublished":"2024-08-14T06:11:54+00:00","dateModified":"2026-02-19T08:58:08+00:00","breadcrumb":{"@id":"https:\/\/claro-winterthur.ch\/?page_id=118#breadcrumb"},"inLanguage":"de","potentialAction":[{"@type":"ReadAction","target":["https:\/\/claro-winterthur.ch\/?page_id=118"]}]},{"@type":"ImageObject","inLanguage":"de","@id":"https:\/\/claro-winterthur.ch\/?page_id=118#primaryimage","url":"https:\/\/claro-winterthur.ch\/wp-content\/uploads\/2024\/08\/gruppenfoto_fertig.jpg","contentUrl":"https:\/\/claro-winterthur.ch\/wp-content\/uploads\/2024\/08\/gruppenfoto_fertig.jpg","width":1280,"height":1024},{"@type":"BreadcrumbList","@id":"https:\/\/claro-winterthur.ch\/?page_id=118#breadcrumb","itemListElement":[{"@type":"ListItem","position":1,"name":"Startseite","item":"https:\/\/claro-winterthur.ch\/"},{"@type":"ListItem","position":2,"name":"\u00dcber uns"}]},{"@type":"WebSite","@id":"https:\/\/claro-winterthur.ch\/#website","url":"https:\/\/claro-winterthur.ch\/","name":"Claro Weltladen Winterthur","description":"Willkommen beim claro fair trade Winterthur. Das fair trade Gesch\u00e4ft in deiner N\u00e4he.","publisher":{"@id":"https:\/\/claro-winterthur.ch\/#organization"},"potentialAction":[{"@type":"SearchAction","target":{"@type":"EntryPoint","urlTemplate":"https:\/\/claro-winterthur.ch\/?s={search_term_string}"},"query-input":{"@type":"PropertyValueSpecification","valueRequired":true,"valueName":"search_term_string"}}],"inLanguage":"de"},{"@type":"Organization","@id":"https:\/\/claro-winterthur.ch\/#organization","name":"Claro Weltladen Winterthur","url":"https:\/\/claro-winterthur.ch\/","logo":{"@type":"ImageObject","inLanguage":"de","@id":"https:\/\/claro-winterthur.ch\/#\/schema\/logo\/image\/","url":"https:\/\/claro-winterthur.ch\/wp-content\/uploads\/2024\/08\/logo_webseite_neu.png","contentUrl":"https:\/\/claro-winterthur.ch\/wp-content\/uploads\/2024\/08\/logo_webseite_neu.png","width":172,"height":70,"caption":"Claro Weltladen Winterthur"},"image":{"@id":"https:\/\/claro-winterthur.ch\/#\/schema\/logo\/image\/"}}]}},"_links":{"self":[{"href":"https:\/\/claro-winterthur.ch\/index.php?rest_route=\/wp\/v2\/pages\/118","targetHints":{"allow":["GET"]}}],"collection":[{"href":"https:\/\/claro-winterthur.ch\/index.php?rest_route=\/wp\/v2\/pages"}],"about":[{"href":"https:\/\/claro-winterthur.ch\/index.php?rest_route=\/wp\/v2\/types\/page"}],"author":[{"embeddable":true,"href":"https:\/\/claro-winterthur.ch\/index.php?rest_route=\/wp\/v2\/users\/1"}],"replies":[{"embeddable":true,"href":"https:\/\/claro-winterthur.ch\/index.php?rest_route=%2Fwp%2Fv2%2Fcomments&post=118"}],"version-history":[{"count":22,"href":"https:\/\/claro-winterthur.ch\/index.php?rest_route=\/wp\/v2\/pages\/118\/revisions"}],"predecessor-version":[{"id":513,"href":"https:\/\/claro-winterthur.ch\/index.php?rest_route=\/wp\/v2\/pages\/118\/revisions\/513"}],"wp:attachment":[{"href":"https:\/\/claro-winterthur.ch\/index.php?rest_route=%2Fwp%2Fv2%2Fmedia&parent=118"}],"curies":[{"name":"wp","href":"https:\/\/api.w.org\/{rel}","templated":true}]}}